dred thousands digit of 235092273?
0
What is the hundred thousands digit of 1694398953?
3
What is the millions digit of 397283835?
7
What is the units digit of 445963215?
5
What is the hundreds digit of 97085479?
4
What is the thousands digit of 5064685725?
5
What is the units digit of 92259440?
0
What is the units digit of 116758809?
9
What is the thousands digit of 354218853?
8
What is the ten thousands digit of 519819905?
1
What is the tens digit of 605403088?
8
What is the millions digit of 277068705?
7
What is the hundred thousands digit of 9055338647?
3
What is the units digit of 7012125386?
6
What is the millions digit of 600431141?
0
What is the ten millions digit of 239006549?
3
What is the units digit of 495718053?
3
What is the millions digit of 34635281?
4
What is the units digit of 78295749?
9
What is the hundred thousands digit of 87167491?
1
What is the millions digit of 80944014?
0
What is the hundreds digit of 660457582?
5
What is the hundreds digit of 131763165?
1
What is the ten thousands digit of 1460653296?
5
What is the units digit of 549510643?
3
What is the units digit of 1050451445?
5
What is the units digit of 377234619?
9
What is the hundred thousands digit of 46233367?
2
What is the billions digit of 1033930450?
1
What is the hundred thousands digit of 4035073872?
0
What is the hundred millions digit of 2263219881?
2
What is the millions digit of 35351943?
5
What is the hundred thousands digit of 86654724?
6
What is the hundred thousands digit of 13712187?
7
What is the millions digit of 24264429?
4
What is the ten millions digit of 1459215249?
5
What is the tens digit of 4443183?
8
What is the hundred millions digit of 307234527?
3
What is the units digit of 77845274?
4
What is the tens digit of 177619838?
3
What is the hundred millions digit of 241981143?
2
What is the hundred millions digit of 153610677?
1
What is the hundreds digit of 869440699?
6
What is the hundred millions digit of 3516779178?
5
What is the ten millions digit of 74027001?
7
What is the units digit of 408043481?
1
What is the hundred millions digit of 4066135253?
0
What is the ten millions digit of 1372458508?
7
What is the billions digit of 1312502234?
1
What is the thousands digit of 191297422?
7
What is the hundred thousands digit of 471263780?
2
What is the units digit of 1488999934?
4
What is the tens digit of 489191697?
9
What is the ten thousands digit of 62314851?
1
What is the millions digit of 26828885?
6
What is the tens digit of 1676042082?
8
What is the thousands digit of 367666285?
6
What is the ten millions digit of 5187981778?
8
What is the hundred thousands digit of 18352323?
3
What is the ten millions digit of 162907436?
6
What is the units digit of 1597532121?
1
What is the tens digit of 38417208?
0
What is the thousands digit of 27502593?
2
What is the tens digit of 1210227008?
0
What is the hundred millions digit of 3288433977?
2
What is the thousands digit of 450848329?
8
What is the tens digit of 173897485?
8
What is the hundred millions digit of 744825109?
7
What is the tens digit of 30203476?
7
What is the millions digit of 317022222?
7
What is the hundred thousands digit of 990214618?
2
What is the millions digit of 27681871?
7
What is the hundred thousands digit of 221192869?
1
What is the ten thousands digit of 1293596130?
9
What is the hundred thousands digit of 1618729852?
7
What is the units digit of 450584570?
0
What is the hundred thousands digit of 466190969?
1
What is the millions digit of 1505166497?
5
What is the hundred thousands digit of 498111875?
1
What is the thousands digit of 3386543271?
3
What is the units digit of 2330889682?
2
What is the tens digit of 240225320?
2
What is the ten millions digit of 1905323581?
0
What is the tens digit of 656508285?
8
What is the tens digit of 2100326866?
6
What is the millions digit of 53999532?
3
What is the ten thousands digit of 4973435?
7
What is the millions digit of 21848255?
1
What is the ten thousands digit of 510797838?
9
What is the millions digit of 64934456?
4
What is the ten thousands digit of 1717264521?
6
What is the ten thousands digit of 62174316?
7
What is the hundred millions digit of 2344485735?
3
What is the units digit of 497130392?
2
What is the ten millions digit of 3833123255?
3
What is the thousands digit of 59686810?
6
What is the hundreds digit of 27359226?
2
What is the hundred millions digit of 1949564771?
9
What is the hundred thousands digit of 2637541116?
5
What is the ten millions digit of 1724355129?
2
What is the units digit of 326860541?
1
What is the ten thousands digit of 2029501?
2
What is the billions digit of 4375013463?
4
What is the millions digit of 6231911?
6
What is the ten millions digit of 109200114?
0
What is the units digit of 209765027?
7
What is the hundred thousands digit of 10776775?
7
What is the units digit of 41693621?
1
What is the units digit of 66316546?
6
What is the hundred millions digit of 149441652?
1
What is the ten millions digit of 933835376?
3
What is the ten thousands digit of 153060726?
6
What is the billions digit of 1250502920?
1
What is the hundred millions digit of 696593224?
6
What is the hundreds digit of 162587571?
5
What is the ten thousands digit of 47939367?
3
What is the hundreds digit of 5469590?
5
What is the ten millions digit of 868437173?
6
What is the hundred thousands digit of 365762849?
7
What is the hundred thousands digit of 776517650?
5
What is the units digit of 2371639302?
2
What is the hundreds digit of 144264016?
0
What is the ten thousands digit of 338385452?
8
What is the hundred thousands digit of 46166894?
1
What is the millions digit of 337299200?
7
What is the hundreds digit of 223848559?
5
What is the ten thousands digit of 5938641372?
4
What is the hundreds digit of 55697997?
9
What is the hundreds digit of 22268161?
1
What is the units digit of 10546006?
6
What is the billions digit of 2016461019?
2
What is the thousands digit of 97553276?
3
What is the millions digit of 233842300?
3
What is the ten thousands digit of 4254023377?
2
What is the tens digit of 32334604?
0
What is the units digit of 760835654?
4
What is the tens digit of 111271062?
6
What is the hundred thousands digit of 79010136?
0
What is the thousands digit of 132093108?
3
What is the ten thousands digit of 28351696?
5
What is the millions digit of 324326953?
4
What is the thousands digit of 810639?
0
What is the millions digit of 159997684?
9
What is the units digit of 191181988?
8
What is the tens digit of 4210700892?
9
What is the tens digit of 2839380227?
2
What is the units digit of 4211489196?
6
What is the ten thousands digit of 338929741?
2
What is the hundreds digit of 3124740542?
5
What is the millions digit of 105579038?
5
What is the units digit of 150634018?
8
What is the hundred thousands digit of 1816668813?
6
What is the millions digit of 29753336?
9
What is the millions digit of 70379674?
0
What is the ten millions digit of 154069804?
5
What is the units digit of 5955788?
8
What is the units digit of 426415167?
7
What is the hundreds digit of 2327156?
1
What is the tens digit of 67312939?
3
What is the ten thousands digit of 537750067?
5
What is the millions digit of 52477472?
2
What is the hundred thousands digit of 362179447?
1
What is the ten thousands digit of 12736523?
3
What is the units digit of 2221605993?
3
What is the ten thousands digit of 20184399?
8
What is the tens digit of 416267500?
0
What is the units digit of 13407454?
4
What is the units digit of 823801043?
3
What is the ten thousands digit of 295118551?
1
What is the tens digit of 70497989?
8
What is the hundreds digit of 112937282?
2
What is the units digit of 981416248?
8
What is the millions digit of 6968581?
6
What is the hundred thousands digit of 26230284?
2
What is the tens digit of 216645723?
2
What is the hundred thousands digit of 3285504734?
5
What is the millions digit of 405746544?
5
What is the millions digit of 41161717?
1
What is the ten thousands digit of 926271039?
7
What is the units digit of 8825092?
2
What is the ten thousands digit of 2165437689?
3
What is the tens digit of 198236084?
8
What is the hundred thousands digit of 64322669?
3
What is the hundred millions digit of 82669